{"id":4652,"date":"2019-07-24T07:55:22","date_gmt":"2019-07-24T07:55:22","guid":{"rendered":"https:\/\/sktthemesdemo.net\/girlie\/?page_id=4652"},"modified":"2026-03-10T11:50:34","modified_gmt":"2026-03-10T11:50:34","slug":"home","status":"publish","type":"page","link":"https:\/\/enyoshop.com\/","title":{"rendered":"Home"},"content":{"rendered":"<div id=\"sktbuilder-text-block-155\" class=\"sktbuilder-block sktbuilder-text\">\r\n    <div class=\"qb-container\">\r\n            <div class=\"sktbuilder-header\">\r\n                <div class=\"sktbuilder-header__description sktbuilder-text__description sktbuilder-header__description_color_black\">\r\n                   <p>Welcome to the world of <strong>\u00a1En <em>Yo! <\/em><\/strong>I specialize in clothes and shoes that sparkle and shine, and the new PBR Materials have let me take that to a whole new level! This Website will let you explore all my Collections to easily find what you want; there are even little videos of nearly everything so you can see how they look in motion! I have a big Marketplace store, but there are SLURLs at the bottom of this page to all my inworld shops so you can enjoy a real SL shopping experience. Please visit my <a href=\"https:\/\/flickr.com\/danaenyo\" target=\"_blank\"><strong>Flickr<\/strong><\/a> and <a href=\"https:\/\/youtube.com\/@danaenyo\" target=\"_blank\"><strong>YouTube<\/strong><\/a> sites too. Thanks for coming!<\/p><p><strong>NOTE<\/strong>: <strong>\u00a1En <em>Yo! <\/em><\/strong>has a strict <strong>NO AI<\/strong> policy. I will not knowingly create <em>anything<\/em> using any raw materials, ideas or software that are AI driven or created. \"En YO!\" means \"In ME!\" in Spanish; and that is where everything on this Website and in my shops, Marketplace, YouTube and Flickr comes from.  I think that matters; I hope you do, too.<\/p>\r\n                <\/div>\r\n            <\/div>\r\n    <\/div>\r\n<\/div><div id=\"skt-builder-home-section1-block\" class=\"skt-builder-block-wrapper skt-builder-home-section1-block skt-builder-home-section1-block-31\" style=\"background-color: #f1eee9; background-image: url(); padding-bottom: 0px; padding-top: 0px; \">\r\n  <div class=\"skt-builder-block-inner skt-builder-block-inner-31\" style=\"visibility: hidden;\">\r\n    <div class=\"skt-builder-container\"> \r\n    \t<div class=\"desblock-wrap\" style=\"background-color: #fbfbfb;\">\r\n      <div class=\"skt-builder-block-description\"><h3><br><\/h3><\/div>\r\n      <div class=\"skt-builder-columns-row skt-builder-columns-row-4column\">      \t\r\n                <style>\r\n\t\t\t\t\t.skt-builder-design-column-33.designbox h3{color: #212121 !important;}\r\n\t\t\t\t\t.skt-builder-design-column-33.designbox:hover h3{color: #e42e54 !important;}\r\n\t\t\t\t\t.skt-builder-design-column-33 a.linkreadmore{color: #ffffff !important; border-color: #ffffff !important;}\r\n\t\t\t\t\t.skt-builder-design-column-33.designbox:hover a.linkreadmore{color: #ffffff !important; border-color: #ffffff !important; background-color: #ffffff !important;}\r\n\t\t\t\t<\/style>\r\n                    <div class=\"skt-builder-column skt-builder-design-column skt-builder-design-column-33 designbox\">\r\n                      <a href=\"#\" >\r\n                      <div class=\"designboxbg\" style=\"background-color:#ffffff;\">\r\n                        <div class=\"designs-thumb\">\r\n                        \t<img decoding=\"async\" class=\"skt-builder-design-column-image\" src=\"https:\/\/enyoshop.com\/wp-content\/uploads\/2021\/01\/service-img1-1.jpg\">\r\n                        <\/div>\r\n                      <\/div>\r\n                      <\/a>\r\n                      <div class=\"designbox-content\">\r\n                       <a href=\"#\" >\r\n                         <h3>ABOUT<\/h3>\r\n                       <\/a>\r\n                             \t<p>Welcome!<\/p><p>I made this Website to make it easier to find things in my Marketplace shop.&nbsp;As you know, the MP doesn\u2019t have a a way to organize things and that can make it really hard to find what you want!&nbsp;With nearly 900 <em>(!)<\/em> items in MP, I want to make sure you can get just the right thing.<\/p><p>BUT if you can, after browsing in here and on MP, visit my inworld shops! Shopping inworld helps support the sims and music venues that we love to visit and makes SL a vibrant, interesting place to live.<\/p><p><strong>AS OF FEBRUARY 2026: <\/strong>there are <strong><em>99<\/em><\/strong> live concert videos on my <a href=\"https:\/\/www.youtube.com\/channel\/UCOh085FpWas7eaDcynTtp5Q\" target=\"_blank\"><strong>YouTube Channel<\/strong><\/a>.and hundreds more photos on Flickr! Also, I record as many as I can of the wonderful monthly concerts at the <strong>Marly Milena Music Library<\/strong>. <a href=\"https:\/\/tinyurl.com\/cvlmusic\" target=\"_blank\"><strong>Learn about MMML here!<\/strong><\/a><\/p><p>Visit my big <a href=\"http:\/\/maps.secondlife.com\/secondlife\/Ayuda%20Virtual\/77\/232\/1512\" target=\"_blank\"><strong>Museum of the Maya &amp; Inca Civilizations<\/strong><\/a> on the <em>Ayuda Virtual<\/em> community gateway sim. Get the self-guided tour notecard at the entrance.<\/p>\r\n                         <a href=\"#\"  class=\"linkreadmore\"><\/a>\r\n                      <\/div>\r\n                    <\/div>                \r\n                <style>\r\n\t\t\t\t\t.skt-builder-design-column-37.designbox h3{color: #212121 !important;}\r\n\t\t\t\t\t.skt-builder-design-column-37.designbox:hover h3{color: #e42e54 !important;}\r\n\t\t\t\t\t.skt-builder-design-column-37 a.linkreadmore{color: #ffffff !important; border-color: #ffffff !important;}\r\n\t\t\t\t\t.skt-builder-design-column-37.designbox:hover a.linkreadmore{color: #ffffff !important; border-color: #ffffff !important; background-color: #ffffff !important;}\r\n\t\t\t\t<\/style>\r\n                    <div class=\"skt-builder-column skt-builder-design-column skt-builder-design-column-37 designbox\">\r\n                      <a href=\"#\" >\r\n                      <div class=\"designboxbg\" style=\"background-color:#ffffff;\">\r\n                        <div class=\"designs-thumb\">\r\n                        \t<img decoding=\"async\" class=\"skt-builder-design-column-image\" src=\"https:\/\/enyoshop.com\/wp-content\/uploads\/2021\/01\/service-img2.jpg\">\r\n                        <\/div>\r\n                      <\/div>\r\n                      <\/a>\r\n                      <div class=\"designbox-content\">\r\n                       <a href=\"#\" >\r\n                         <h3>SHOP!<\/h3>\r\n                       <\/a>\r\n                             \t<p>Click the <strong>CATALOG<\/strong> button at the top <a href=\"https:\/\/enyoshop.com\/index.php\/nights-out\/\" target=\"_blank\"><strong>(or HERE if that doesn't work and then try the menu again)<\/strong><\/a> and choose the kind of outfit you're looking for! The links on the pages will take you right to the item in Marketplace.<\/p><p>But even better, <strong>visit my shops inworld where every purchase donates HALF your Lindens to the hosting sim! <\/strong> (Marked <em>100% charity<\/em> items excepted.)<strong> VISIT:<\/strong><\/p><p>The expanded <a href=\"http:\/\/maps.secondlife.com\/secondlife\/Detroit%20City\/158\/205\/23\" target=\"_blank\"><strong>Mainstore<\/strong><\/a> in the RL historic<strong> J.L.Hudson Company Building<\/strong> in <strong>Detroit City!<\/strong><\/p><p><strong>Detroit City!<\/strong> across from the famous <a href=\"http:\/\/maps.secondlife.com\/secondlife\/Detroit%20City\/104\/180\/23\" target=\"_blank\"><strong>Nat's Jazz Club<\/strong><\/a> (<em>Long Gowns<\/em> Collection only)<\/p><p><strong>NEW!!<\/strong> If you have a <strong>LEGACY<\/strong> body, visit my new <a href=\"http:\/\/maps.secondlife.com\/secondlife\/Marebbe\/225\/144\/200\" target=\"_blank\"><strong>Legacy Body Shop<\/strong><\/a>. ONLY vendors containing Legacy items are here.<\/p><p><a href=\"http:\/\/maps.secondlife.com\/secondlife\/Serena%20Montecito\/10\/72\/24\" target=\"_blank\"><strong>Runaround Sue's Hop<\/strong><\/a> -- the LM lands you at the main TP point; click AGAIN and it should take you to the shop; if not just head down to the waterfront and find the little red building.<\/p><p><strong><em>TWO En YO! Biker<\/em><\/strong> shops at the <strong>Eagles Dare MC Riding Sim<\/strong>. Small shop <a href=\"http:\/\/maps.secondlife.com\/secondlife\/The%20Continental%202\/22\/197\/21\" target=\"_blank\"><strong>at Ground Level<\/strong><\/a> and a big one <a href=\"http:\/\/maps.secondlife.com\/secondlife\/The%20Continental%202\/116\/131\/746\" target=\"_blank\"><strong>up at the start of the main track<\/strong><\/a>.(walk West from TP point).<\/p><p>Another <strong><em>En YO! Biker<\/em><\/strong> shop at <a href=\"http:\/\/maps.secondlife.com\/secondlife\/Ruffneck%20Falls\/215\/94\/25\" target=\"_blank\"><strong>Black Talon Motorcycle Club<\/strong><\/a>.<\/p><p><a href=\"http:\/\/maps.secondlife.com\/secondlife\/Avalon%20Cove\/23\/205\/2801\" target=\"_blank\"><strong>Paris Fifth Avenue<\/strong><\/a> next to the beautiful Paris La Nuit Theatre, home of the Fifth Avenue Guys and Dolls! (Visit and relax in my beautiful <strong><em>Atelier <\/em><\/strong>upstairs!)<\/p><p><a href=\"http:\/\/maps.secondlife.com\/secondlife\/Creations%20Park\/51\/82\/28\" target=\"_blank\"><strong>Creations Park<\/strong><\/a>, just down the street from the very famous and historic <strong>Savoy Ballroom. <\/strong>Sales here support the Michael J. Fox Parkinsons Research Foundation.<\/p><p><a href=\"http:\/\/maps.secondlife.com\/secondlife\/Cassandra\/199\/213\/84\" target=\"_blank\"><strong>Cassandra City<\/strong><\/a> shop across from the Seraph Club!<\/p><p>The 1939-theme<a href=\"http:\/\/maps.secondlife.com\/secondlife\/Isle%20Du%20Noir\/160\/43\/1985\" target=\"_blank\"><strong> Isle du Noir<\/strong><\/a> (shop across from the famous <strong>Voodoo Lounge<\/strong>)<\/p><p>Neighborhood shop in <a href=\"http:\/\/maps.secondlife.com\/secondlife\/Rockridge%20Heights\/194\/24\/22\" target=\"_blank\"><strong>Rockridge Heights<\/strong><\/a><\/p><p>Shop by the new (much closer) location of the <a href=\"http:\/\/maps.secondlife.com\/secondlife\/Australia\/39\/156\/2701\" target=\"_blank\"><strong>Pitch Perfect<\/strong><\/a> music venue in the Aussie Mall!<\/p><p><em>The sims below are <\/em><strong><em>ADULT<\/em><\/strong><em> (but my shops are still G-rated).<\/em><\/p><p>The <a href=\"http:\/\/maps.secondlife.com\/secondlife\/Meadows%20Peak\/65\/48\/29\" target=\"_blank\"><strong>Royal Ebony Society<\/strong><\/a> music and dance venue<\/p><p><a href=\"http:\/\/maps.secondlife.com\/secondlife\/Fort%20Boyard\/152\/84\/24\" target=\"_blank\"><strong>The Palms<\/strong><\/a> Wrestling and Escort Club<\/p><p><a href=\"http:\/\/maps.secondlife.com\/secondlife\/Vinyard%20Isles\/242\/34\/1801\" target=\"_blank\"><strong>Veronica's Lesbian Island<\/strong><\/a> is for ladies only. LM takes you to the main TP point; look for and click on the big \"Visit Da Shops\" sign.<\/p><p><strong>Shop<\/strong> at <a href=\"http:\/\/maps.secondlife.com\/secondlife\/Serena%20Wild%20Eagle\/118\/159\/30\" target=\"_blank\" style=\"background-color: rgb(255, 255, 255);\"><strong>Parrot Bay Resort<\/strong><\/a> (they have a bike track up above, so some biker gear here).<\/p><p>The <a href=\"http:\/\/maps.secondlife.com\/secondlife\/Lineside\/236\/171\/75\" target=\"_blank\"><strong>Sexy Desires Mall<\/strong><\/a><\/p><p>The <a href=\"http:\/\/maps.secondlife.com\/secondlife\/Puerto%20Esclava%20Resort\/56\/71\/22\" target=\"_blank\"><strong>Puerto Esclava<\/strong><\/a> D\/s community<\/p><p>The sexy <a href=\"http:\/\/maps.secondlife.com\/secondlife\/Den%20of%20Beasts\/16\/56\/22\" target=\"_blank\" style=\"background-color: rgb(255, 255, 255);\"><strong>Fruits of Passion<\/strong><\/a> dance club<\/p><p>There are also<strong> \u00a1En <em>Yo!<\/em> <\/strong>popup shops and booths at special charity events. I always post those in group notices.<\/p><p><br><\/p>\r\n                         <a href=\"#\"  class=\"linkreadmore\"><\/a>\r\n                      <\/div>\r\n                    <\/div>                \r\n                <style>\r\n\t\t\t\t\t.skt-builder-design-column-40.designbox h3{color: #212121 !important;}\r\n\t\t\t\t\t.skt-builder-design-column-40.designbox:hover h3{color: #e42e54 !important;}\r\n\t\t\t\t\t.skt-builder-design-column-40 a.linkreadmore{color: #636363 !important; border-color: #636363 !important;}\r\n\t\t\t\t\t.skt-builder-design-column-40.designbox:hover a.linkreadmore{color: #ffffff !important; border-color: #e42e54 !important; background-color: #e42e54 !important;}\r\n\t\t\t\t<\/style>\r\n                    <div class=\"skt-builder-column skt-builder-design-column skt-builder-design-column-40 designbox\">\r\n                      <a href=\"https:\/\/enyoshop.com\/index.php\/articles\/\" >\r\n                      <div class=\"designboxbg\" style=\"background-color:#ffffff;\">\r\n                        <div class=\"designs-thumb\">\r\n                        \t<img decoding=\"async\" class=\"skt-builder-design-column-image\" src=\"https:\/\/enyoshop.com\/wp-content\/uploads\/2021\/01\/service-img3.jpg\">\r\n                        <\/div>\r\n                      <\/div>\r\n                      <\/a>\r\n                      <div class=\"designbox-content\">\r\n                       <a href=\"https:\/\/enyoshop.com\/index.php\/articles\/\" >\r\n                         <h3>ARTICLES<\/h3>\r\n                       <\/a>\r\n                             \t<ul><li><a href=\"https:\/\/enyoshop.com\/index.php\/articles\/\" target=\"_blank\"><strong>NO AI<\/strong><\/a>--I'll never use it; I'll try not to consume it.<\/li><\/ul><p><br><\/p><ul><li><a href=\"Https:\/\/enyoshop.com\/index.php\/pbr-creations\" target=\"_blank\">PBR Creations<\/a>--What's this all about?<\/li><\/ul><p><br><\/p><ul><li>What does<a href=\"https:\/\/enyoshop.com\/index.php\/articles\/\" target=\"_blank\"> \"A Personal Approach to Fashion\"<\/a> mean?<\/li><\/ul><p><br><\/p><ul><li><a href=\"https:\/\/enyoshop.com\/index.php\/ko-kwal-alwoot-a-samish-legend\/#ko\" target=\"_blank\"><em>Ko-kwal-alwoot<\/em><\/a>\u2013The Maiden of Deception Pass<\/li><\/ul><p><br><\/p><ul><li><a href=\"https:\/\/enyoshop.com\/index.php\/articles\/#inworld\" target=\"_blank\">My Inworld Shops<\/a><\/li><\/ul>\r\n                         <a href=\"https:\/\/enyoshop.com\/index.php\/articles\/\"  class=\"linkreadmore\">Read More<\/a>\r\n                      <\/div>\r\n                    <\/div>                \r\n                <style>\r\n\t\t\t\t\t.skt-builder-design-column-43.designbox h3{color: #212121 !important;}\r\n\t\t\t\t\t.skt-builder-design-column-43.designbox:hover h3{color: #e42e54 !important;}\r\n\t\t\t\t\t.skt-builder-design-column-43 a.linkreadmore{color: #636363 !important; border-color: #636363 !important;}\r\n\t\t\t\t\t.skt-builder-design-column-43.designbox:hover a.linkreadmore{color: #ffffff !important; border-color: #e42e54 !important; background-color: #e42e54 !important;}\r\n\t\t\t\t<\/style>\r\n                    <div class=\"skt-builder-column skt-builder-design-column skt-builder-design-column-43 designbox\">\r\n                      <a href=\"https:\/\/enyoshop.com\/index.php\/museum\" >\r\n                      <div class=\"designboxbg\" style=\"background-color:#ffffff;\">\r\n                        <div class=\"designs-thumb\">\r\n                        \t<img decoding=\"async\" class=\"skt-builder-design-column-image\" src=\"https:\/\/enyoshop.com\/wp-content\/uploads\/2022\/10\/221026MayaIncaMuseumButton.jpg\">\r\n                        <\/div>\r\n                      <\/div>\r\n                      <\/a>\r\n                      <div class=\"designbox-content\">\r\n                       <a href=\"https:\/\/enyoshop.com\/index.php\/museum\" >\r\n                         <h3>MAYA\/INCA MUSEUM<\/h3>\r\n                       <\/a>\r\n                             \t<p><span style=\"color: rgb(102, 102, 102); background-color: rgb(248, 248, 248);\">Learn more about the Maya and Inca Civilizations by taking a self-guided tour at this museum located at the <\/span><strong style=\"color: rgb(102, 102, 102); background-color: rgb(248, 248, 248);\"><em>Ayuda Virtual<\/em><\/strong><span style=\"color: rgb(102, 102, 102); background-color: rgb(248, 248, 248);\"> Spanish speakers' community gateway sim. Self-guided tours are available in both English and Spanish.<\/span><\/p><p><em>Descubre m\u00e1s sobre las civilizaciones maya e inca con una visita autoguiada en este museo, ubicado en el portal comunitario virtual de habla hispana<\/em><strong> Ayuda Virtual<\/strong><em>. Las visitas autoguiadas est\u00e1n disponibles en ingl\u00e9s y espa\u00f1ol.<\/em><\/p>\r\n                         <a href=\"https:\/\/enyoshop.com\/index.php\/museum\"  class=\"linkreadmore\">Read More<\/a>\r\n                      <\/div>\r\n                    <\/div>                \r\n         <\/div>\r\n    <\/div>    \r\n    <\/div>\r\n  <\/div>\r\n<\/div>\r\n<script>\r\njQuery(document).ready(function() {\r\n    jQuery('p').each(function() {\r\n        var $this = jQuery(this);\r\n        if($this.html().replace(\/s|&nbsp;\/g, '').length == 0) {\r\n            $this.remove();\r\n        }\r\n    });\r\n});\r\n\r\njQuery(document).ready(function() {\r\n    jQuery('p').each(function() {\r\n        var $this = jQuery(this);\r\n        if($this.html().replace(\/s|<br>\/g, '').length == 0) {\r\n            $this.remove();\r\n        }\r\n    });\r\n});\r\n<\/script> \r\n<script>\r\njQuery.noConflict();\r\njQuery(document).ready(function(){\r\njQuery(window).scroll(function(){\r\n    \/\/ This is then function used to detect if the element is scrolled into view\r\n    function elementScrolled(elem)\r\n    {\r\n        var docViewTop = jQuery(window).scrollTop();\r\n        var docViewBottom = docViewTop + jQuery(window).height();\r\n        var elemTop = jQuery(elem).offset().top;\r\n        return ((elemTop <= docViewBottom) && (elemTop >= docViewTop));\r\n    }\r\n\r\n\tif (jQuery('.skt-builder-block-inner-31').length > 0) {\r\n\tif(elementScrolled('.skt-builder-block-inner-31')) {\r\n        var els = jQuery('.skt-builder-block-inner-31'),\r\n            i = 0,\r\n            f = function () {\r\n                jQuery(els[i++]).addClass('fadeInUp');\r\n                if(i < els.length) setTimeout(f, 400);\r\n            };\r\n        f();\r\n    }}\r\n\r\n});\r\n});\r\n<\/script>    <!-- sktbuilder starter --><script type=\"text\/javascript\" src=\"https:\/\/enyoshop.com\/wp-content\/plugins\/skt-builder\/sktbuilder\/sktbuilder-frontend-starter.js\"><\/script><script type=\"text\/javascript\" src=\"https:\/\/enyoshop.com\/wp-content\/plugins\/skt-builder\/sktbuilder-wordpress-driver.js\"><\/script><script type=\"text\/javascript\"> var starter = new SktbuilderStarter({\"mode\": \"prod\", \"skip\":[\"jquery\",\"underscore\",\"backbone\"],\"sktbuilderUrl\": \"https:\/\/enyoshop.com\/wp-content\/plugins\/skt-builder\/sktbuilder\/\", \"driver\": new SktbuilderWordpressDriver({\"ajaxUrl\": \"https:\/\/enyoshop.com\/wp-admin\/admin-ajax.php\", \"iframeUrl\": \"https:\/\/enyoshop.com\/?sktbuilder=true\", \"pageId\": 4652, \"pages\": [{\"title\":\"PBR Creations\",\"url\":\"https:\\\/\\\/enyoshop.com\\\/wp-admin\\\/post.php?post=5682&action=sktbuilder\"},{\"title\":\"Glass Clothing\",\"url\":\"https:\\\/\\\/enyoshop.com\\\/wp-admin\\\/post.php?post=6483&action=sktbuilder\"}], \"page\": \"Home\" }) });<\/script><!-- end sktbuilder starter -->","protected":false},"excerpt":{"rendered":"<p>Welcome to the world of \u00a1En Yo! I specialize in clothes and shoes that sparkle and shine, and the new PBR Materials have let me take that to a whole new level! This Website will let you explore all my Collections to easily find what you want; there are even little videos of nearly everything<br \/><a class=\"moretag\" href=\"https:\/\/enyoshop.com\/\">+ Read More<\/a><\/p>\n","protected":false},"author":1,"featured_media":0,"parent":0,"menu_order":0,"comment_status":"closed","ping_status":"closed","template":"templates\/page-builder.php","meta":{"footnotes":""},"class_list":["post-4652","page","type-page","status-publish","hentry"],"_links":{"self":[{"href":"https:\/\/enyoshop.com\/index.php\/wp-json\/wp\/v2\/pages\/4652","targetHints":{"allow":["GET"]}}],"collection":[{"href":"https:\/\/enyoshop.com\/index.php\/wp-json\/wp\/v2\/pages"}],"about":[{"href":"https:\/\/enyoshop.com\/index.php\/wp-json\/wp\/v2\/types\/page"}],"author":[{"embeddable":true,"href":"https:\/\/enyoshop.com\/index.php\/wp-json\/wp\/v2\/users\/1"}],"replies":[{"embeddable":true,"href":"https:\/\/enyoshop.com\/index.php\/wp-json\/wp\/v2\/comments?post=4652"}],"version-history":[{"count":151,"href":"https:\/\/enyoshop.com\/index.php\/wp-json\/wp\/v2\/pages\/4652\/revisions"}],"predecessor-version":[{"id":7264,"href":"https:\/\/enyoshop.com\/index.php\/wp-json\/wp\/v2\/pages\/4652\/revisions\/7264"}],"wp:attachment":[{"href":"https:\/\/enyoshop.com\/index.php\/wp-json\/wp\/v2\/media?parent=4652"}],"curies":[{"name":"wp","href":"https:\/\/api.w.org\/{rel}","templated":true}]}}